 = g*h. Is h prime?
False
Suppose 5*b - 2262 = -522. Suppose -c = 4*a - b - 455, 0 = 4*c - 3*a - 3136. Suppose i - c = -2*y - 2*y, -3*i + 3*y = -2376. Is i composite?
True
Let y = -24710 + 42357. Is y a composite number?
True
Let m(f) = f**3 + 4*f**2 - 3*f - 3. Let w be m(-2). Suppose w*t - 18*t = -4781. Is t a prime number?
True
Suppose x = 27*v - 31*v + 25831, 2*x = 3*v + 51673. Is x a composite number?
True
Let j = -12 - -18. Let p be (-3)/(j + -2 + -5). Suppose -42 = q - p*q. Is q composite?
True
Let u(f) = -2*f + 223. Is u(0) prime?
True
Let r(d) = d**3 + 2*d**2 + 3*d - 2247. Let u be r(0). Let l = -1292 - u. Is l composite?
True
Let m(g) = -317*g + 10. Let l be m(-7). Let d = l + 214. Is d a prime number?
False
Let b(i) = 1657*i + 90. Is b(4) a composite number?
True
Let c = 3759 - 2113. Suppose -206 + c = 4*v. Let q = 227 + v. Is q a prime number?
True
Let d = 220357 + -153566. Is d a composite number?
False
Is 1/4 + (-48585)/(-12) prime?
True
Let g(w) = 5532*w + 58. Is g(4) a composite number?
True
Suppose -4*k + 14664 = 280*y - 275*y, -4*k + 3*y = -14696. Is k a composite number?
False
Let o = 14 + -13. Let z(j) = 15*j**2 - 1. Is z(o) a prime number?
False
Suppose 4*t - 7880 = -0*t - w, 2*w - 9847 = -5*t. Suppose 4*n - t - 3169 = 0. Is n a composite number?
True
Is 18484/2*(-139)/(-278) composite?
False
Is 114294/30 - 2*(-2)/(-5) a prime number?
False
Suppose -68355 = -5*f - 2*h - 3*h, 5*h = -2*f + 27348. Is f a prime number?
True
Suppose 0 = 5*y - 24*d + 28*d - 175755, 3*y - 105451 = -2*d. Is y a prime number?
False
Suppose 42543 = 21*s - 126696. Is s a composite number?
False
Suppose -10*k - 22399 = -81589. Is k prime?
False
Let a(x) be the third derivative of -x**6/120 + x**5/20 - x**3/6 - 23*x**2. Is a(-11) composite?
False
Suppose -92 = -w - 3*t, -5*w - 3*t = -w - 332. Suppose 4*k + w = 6*k. Let o = 39 + k. Is o a composite number?
False
Let n be (-668)/(-8) + 6/4. Is (-2330)/(-4)*34/n a composite number?
False
Let f(g) = g**2 + 11*g + 21. Let q be f(-9). Suppose 2*w - 24 = 4*i, -q*i + 14 = 5*w - 59. Is w a composite number?
True
Let g = -37 + 52. Let v be (-20)/(-150) + 208/g. Is -110*(v/(-4) - -3) a composite number?
True
Let u(d) = 9*d**3 - 2*d**2 - 9*d + 5. Let v be u(-8). Is 4 - 4/8*(v - -1) a prime number?
True
Let m = -1 + 9. Let y = -19 - m. Is y/(-6) - 3/(-2) prime?
False
Let g(p) = 277*p + 61. Is g(4) a composite number?
True
Suppose -w - 2488 = -2*a, -2*w + 5 = 1. Let z = a + -658. Is z a composite number?
False
Let f = 1121 + -109. Suppose 5086 = 3*c - 2444. Suppose 5*r = -0*k + k + c, -2*k = -2*r + f. Is r a prime number?
False
Suppose 9*n - 6*n - 6 = 0. Suppose -n*s - 856 = -4*p - 3*s, -4*p - 5*s = -872. Is p composite?
True
Let l(a) = 8*a + 15. Let x be l(-2). Is -1*(-3)/(-9)*(x - 1946) composite?
True
Let x(j) be the second derivative of -j**5/20 - j**4/4 - 7*j**3/6 + 7*j**2/2 - 10*j. Is x(-6) composite?
False
Let a(x) = 110*x**2 + 2*x + 1. Let v be 10/(-8) + (-6)/(-24). Let g be 12/(-8) + v/(-2). Is a(g) prime?
True
Suppose l = -f + 2, -5*f + 5 = -5*l + 35. Suppose 0 = l*z + 2*i + 3*i + 1, -4*z - 2*i = -2. Suppose 2*w = -5*m + 1525, -w = 4 + z. Is m composite?
False
Let q(m) = m**3 - 2*m**2 + 4*m - 3. Suppose 6 = 4*f + 5*o, -2*o + 4*o - 16 = -5*f. Let c be q(f). Is (24/36)/(2/c) prime?
False
Let v(t) = -13*t**2 - 14*t - 11. Let j be v(12). Let r = j + -657. Is (-1)/(-4 + (-10828)/r) prime?
True
Let d(o) = -o**3 + 19*o**2 + 48*o + 43. Is d(21) composite?
True
Let p(v) = v**3 - 9*v**2 + 8*v + 1. Suppose 0 = 2*l - 16*l + 182. Is p(l) composite?
True
Let u(b) = b**3 - 6*b**2 + 7*b + 3. Let r be u(4). Let q be 0 + 2 + (r - 1). Suppose 35 = l - q. Is l composite?
True
Let s = -14569 - -21746. Is s a prime number?
True
Let g = -25 - -26. Let b be 0/(2/g) + 370. Suppose 5*y - b = -0*y. Is y a prime number?
False
Let j(x) = x**2 + 6*x + 4. Let s be j(-4). Let t(y) = -y**3 - 5*y**2 - 5*y + 2. Let c be t(s). Suppose a + 260 = 5*v + c*a, -263 = -5*v - 2*a. Is v composite?
False
Suppose -5*b = -b, -2*v - 4*b = -848. Suppose -8908 = -4*j + v. Is j prime?
True
Suppose 5*g - 2 = 8. Suppose -g = n - 0*n. Is n - (326*-1)/2 composite?
True
Suppose 10 = -6*o + 11*o, 4*o = 4*u - 4748. Is u prime?
False
Let a(f) = 38*f**2 + 6*f + 7. Suppose -5*h - 10 = 5. Is a(h) composite?
False
Let p(g) = 403*g**3 - g**2 + 8*g + 4. Let l(q) = -404*q**3 + q**2 - 7*q - 3. Let j(c) = -5*l(c) - 4*p(c). Is j(1) composite?
False
Suppose 297667 - 24781 = 6*q. Is q prime?
True
Is ((-2)/(-12))/((-45)/(-4036770)) prime?
True
Let j(x) = 325*x**2 + 14*x - 67. Is j(-6) a composite number?
False
Let k(l) be the first derivative of l**2 - 14*l - 2. Let n be k(12). Is (-1)/(-2) + 1185/n composite?
True
Let w = 9839 - 2297. Suppose u = 7*u - w. Is u composite?
True
Let d(f) be the third derivative of 7*f**5/60 + f**4/12 - f**3/6 - 19*f**2. Suppose 4*a - 7 = 1. Is d(a) a prime number?
True
Is 45/30 + ((-207474)/(-4))/3 a prime number?
True
Is 96048 + (-6 - -5) + -5 + -1 prime?
False
Let u be (12 + 1)/(7/1988). Suppose -4*g - t + 2957 = 0, -t - 2*t - u = -5*g. Is g a composite number?
False
Suppose -3*g + 0*s + 84 = -s, -2*g - 3*s = -45. Let x = 7 + g. Is x prime?
False
Suppose 2*q = 8, 0 = 3*a - 0*q - q - 47. Let l = a - 13. Suppose 9 = l*i - 19. Is i a composite number?
False
Let a = 61 - 43. Suppose -i = a + 16. Is 6/(6/(-3)) - i composite?
False
Let x be ((-6)/10)/((-4)/60). Let z(c) = -c**2 + 9*c + 3. Let j be z(x). Suppose -2*y + 7*y - 642 = -3*r, 3*r - j*y - 618 = 0. Is r prime?
False
Let b(q) = -1366*q - 211. Is b(-15) a prime number?
False
Let m be (32 - -1)/((-3)/(-9)). Suppose 5*b + m = 8*b. Suppose b = d - 20. Is d composite?
False
Suppose -564*t + 567*t = 381. Is t composite?
False
Let j be (-6)/4*4748/6. Let o = 806 - j. Is o a prime number?
True
Suppose 4*v = v + 6. Let a(w) = 6 - w - 2 + v*w. Is a(11) composite?
True
Let i = -1888 - -2955. Is i composite?
True
Suppose 3*a - 3*o + 15 = 0, -5*o = -a - 3*a - 18. Let r(m) = m**3 + 14*m**2 + 2*m - 6. Is r(a) a prime number?
False
Suppose 0 = -4*x + 42*x - 15542. Is x prime?
True
Let l be 2 - (-3 - 296/4). Let g be ((-8)/10)/(1/(-365)*2). Let y = g - l. Is y composite?
False
Let z = -37 - -85. Let t = 187 - z. Is t a prime number?
True
Is (-11)/44 + (-665319)/(-12) a prime number?
False
Suppose -14*q + 20348 = -10*q. Is q prime?
True
Let x(b) = b**2 + b - 5. Let j be x(4). Let l = j - 12. Suppose -2*g + 742 = -t, l*g + t + 4*t = 1139. Is g a composite number?
False
Suppose -l - 153*b + 149*b + 153227 = 0, 3*l = 4*b + 459761. Is l a composite number?
False
Suppose q - 4*g - 7725 = 0, 0*g - 2*g - 15438 = -2*q. Is q a composite number?
False
Let p = 89 + -85. Suppose -p*n = -1204 - 232. Is n a composite number?
False
Let s(i) = i**2 - 22*i + 26. Let l be s(24). Suppose -3*z + 103 = -l. Is z composite?
False
Suppose -8 = -4*a - 4*l, 5 - 6 = l. Suppose f - a*h = 2*f - 1078, 15 = -5*h. Is f prime?
True
Suppose -1 = 5*l - 6*l. Let s be (l/(-2))/(4/(-8)). Suppose -3*a + s = -2*a, -288 = -2*h + 2*a. Is h a composite number?
True
Let a be 1/(-8) + 34*6/96. Suppose 2*r - 2*o = -2134, 2*r + 701 + 1438 = 3*o. Is (a/(-6))/(6/r) a composite number?
False
Is 1/(0 - (-3)/6861) composite?
False
Let x(m) = -2639*m**3 + 2*m**2 + 2*m - 1. Is x(-1) prime?
False
Is 844 + ((-729)/(-9))/9 prime?
True
Let k(a) = a. Let u be k(7). Is -2 + 16/u + (-46485)/(-105) composite?
False
Suppose 36*c + 4455 = 41*c. Let g = -325 + c. Is g composite?
True
Let d(l) = -4*l - 3. Let j be d(3). Let f = j - -15. Suppose -20 = 4*a, -1087 = -2*t - f*t + a. Is t a prime number?
True
Suppose -4*j = a - 8 - 8, 4*a = -4*j + 28. Suppose -20 = -5*f, a*p - 580 = p + 5*f. Suppose 6*s = 3158 - p. Is s composite?
True
Let m = -4885 - -7302. Is m composite?
False
Is (0 - 3)/3 - 609280/(-14) a composite number?
True
Suppose -80*q - 23089 = -91*q. Is q prime?
True
Let h be (13/26)/((-1)/6). Let v be (h - -4) + 1/(-1). Suppose z - 135 + 38 = v. Is z a composite number?
False
Suppose -7*j - 57 = 69. Is ((-2)/(j/(-93)))/((-1)/3) a prime number?
True
Let j(u) = 181*u**2 - 32*u - 46. Is j(-17) prime?
True
Let z be 421/1 - (14 + -18). Suppose -5*k = -270 - z. Is k a composite number?
False
Let m(i) = -2*i**3 - 8*i**2 + 3*i - 19. Let h(u) = u**2 + 23*u - 10. Let s be 